{"id":15,"date":"2024-01-20T19:53:08","date_gmt":"2024-01-20T18:53:08","guid":{"rendered":"https:\/\/laperf-detailing.fr\/?page_id=15"},"modified":"2024-02-03T23:36:11","modified_gmt":"2024-02-03T22:36:11","slug":"la-perf-detailing","status":"publish","type":"page","link":"https:\/\/laperf-detailing.fr\/","title":{"rendered":"La Perf Detailing, expert en detailing auto"},"content":{"rendered":"\t\t<div data-elementor-type=\"wp-page\" data-elementor-id=\"15\" class=\"elementor elementor-15\">\n\t\t\t\t\t\t\t<div class=\"elementor-element elementor-element-789ebec e-flex e-con-boxed e-con e-parent\" data-id=\"789ebec\" data-element_type=\"container\" data-settings=\"{&quot;background_background&quot;:&quot;classic&quot;,&quot;content_width&quot;:&quot;boxed&quot;}\" data-core-v316-plus=\"true\">\n\t\t\t\t\t<div class=\"e-con-inner\">\n\t\t\t\t<div class=\"elementor-element elementor-element-99bce50 elementor-widget elementor-widget-image\" data-id=\"99bce50\" data-element_type=\"widget\" data-widget_type=\"image.default\">\n\t\t\t\t<div class=\"elementor-widget-container\">\n\t\t\t<style>\/*! elementor - v3.18.0 - 20-12-2023 *\/\n.elementor-widget-image{text-align:center}.elementor-widget-image a{display:inline-block}.elementor-widget-image a img[src$=\".svg\"]{width:48px}.elementor-widget-image img{vertical-align:middle;display:inline-block}<\/style>\t\t\t\t\t\t\t\t\t\t\t\t<img fetchpriority=\"high\" decoding=\"async\" width=\"500\" height=\"500\" src=\"https:\/\/laperf-detailing.fr\/wp-content\/uploads\/2024\/01\/lpf_detailing_logo_fond_blanc-removebg-preview.png\" class=\"attachment-large size-large wp-image-28\" alt=\"\" srcset=\"https:\/\/laperf-detailing.fr\/wp-content\/uploads\/2024\/01\/lpf_detailing_logo_fond_blanc-removebg-preview.png 500w, https:\/\/laperf-detailing.fr\/wp-content\/uploads\/2024\/01\/lpf_detailing_logo_fond_blanc-removebg-preview-300x300.png 300w, https:\/\/laperf-detailing.fr\/wp-content\/uploads\/2024\/01\/lpf_detailing_logo_fond_blanc-removebg-preview-150x150.png 150w\" sizes=\"(max-width: 500px) 100vw, 500px\" \/>\t\t\t\t\t\t\t\t\t\t\t\t\t\t\t<\/div>\n\t\t\t\t<\/div>\n\t\t\t\t\t<\/div>\n\t\t\t\t<\/div>\n\t\t<div class=\"elementor-element elementor-element-c9ea4e4 e-flex e-con-boxed e-con e-parent\" data-id=\"c9ea4e4\" data-element_type=\"container\" data-settings=\"{&quot;background_background&quot;:&quot;classic&quot;,&quot;content_width&quot;:&quot;boxed&quot;}\" data-core-v316-plus=\"true\">\n\t\t\t\t\t<div class=\"e-con-inner\">\n\t\t<div class=\"elementor-element elementor-element-719793c e-con-full e-flex e-con e-child\" data-id=\"719793c\" data-element_type=\"container\" data-settings=\"{&quot;content_width&quot;:&quot;full&quot;}\">\n\t\t\t\t<div class=\"elementor-element elementor-element-511868c elementor-widget elementor-widget-image\" data-id=\"511868c\" data-element_type=\"widget\" data-widget_type=\"image.default\">\n\t\t\t\t<div class=\"elementor-widget-container\">\n\t\t\t\t\t\t\t\t\t\t\t\t\t\t\t<img decoding=\"async\" width=\"800\" height=\"534\" src=\"https:\/\/laperf-detailing.fr\/wp-content\/uploads\/2024\/01\/1000_F_105235002_3m96dIV91G1PmIfO6dSPVUDmukaPccXW.jpg\" class=\"attachment-large size-large wp-image-70\" alt=\"\" srcset=\"https:\/\/laperf-detailing.fr\/wp-content\/uploads\/2024\/01\/1000_F_105235002_3m96dIV91G1PmIfO6dSPVUDmukaPccXW.jpg 1000w, https:\/\/laperf-detailing.fr\/wp-content\/uploads\/2024\/01\/1000_F_105235002_3m96dIV91G1PmIfO6dSPVUDmukaPccXW-300x200.jpg 300w, https:\/\/laperf-detailing.fr\/wp-content\/uploads\/2024\/01\/1000_F_105235002_3m96dIV91G1PmIfO6dSPVUDmukaPccXW-768x513.jpg 768w\" sizes=\"(max-width: 800px) 100vw, 800px\" \/>\t\t\t\t\t\t\t\t\t\t\t\t\t\t\t<\/div>\n\t\t\t\t<\/div>\n\t\t\t\t<\/div>\n\t\t<div class=\"elementor-element elementor-element-ea41840 e-con-full e-flex e-con e-child\" data-id=\"ea41840\" data-element_type=\"container\" data-settings=\"{&quot;content_width&quot;:&quot;full&quot;}\">\n\t\t\t\t<div class=\"elementor-element elementor-element-48a81c9 elementor-widget elementor-widget-heading\" data-id=\"48a81c9\" data-element_type=\"widget\" data-widget_type=\"heading.default\">\n\t\t\t\t<div class=\"elementor-widget-container\">\n\t\t\t<style>\/*! elementor - v3.18.0 - 20-12-2023 *\/\n.elementor-heading-title{padding:0;margin:0;line-height:1}.elementor-widget-heading .elementor-heading-title[class*=elementor-size-]>a{color:inherit;font-size:inherit;line-height:inherit}.elementor-widget-heading .elementor-heading-title.elementor-size-small{font-size:15px}.elementor-widget-heading .elementor-heading-title.elementor-size-medium{font-size:19px}.elementor-widget-heading .elementor-heading-title.elementor-size-large{font-size:29px}.elementor-widget-heading .elementor-heading-title.elementor-size-xl{font-size:39px}.elementor-widget-heading .elementor-heading-title.elementor-size-xxl{font-size:59px}<\/style><h2 class=\"elementor-heading-title elementor-size-default\">Polissage<\/h2>\t\t<\/div>\n\t\t\t\t<\/div>\n\t\t\t\t<div class=\"elementor-element elementor-element-66c4570 elementor-widget elementor-widget-text-editor\" data-id=\"66c4570\" data-element_type=\"widget\" data-widget_type=\"text-editor.default\">\n\t\t\t\t<div class=\"elementor-widget-container\">\n\t\t\t<style>\/*! elementor - v3.18.0 - 20-12-2023 *\/\n.elementor-widget-text-editor.elementor-drop-cap-view-stacked .elementor-drop-cap{background-color:#69727d;color:#fff}.elementor-widget-text-editor.elementor-drop-cap-view-framed .elementor-drop-cap{color:#69727d;border:3px solid;background-color:transparent}.elementor-widget-text-editor:not(.elementor-drop-cap-view-default) .elementor-drop-cap{margin-top:8px}.elementor-widget-text-editor:not(.elementor-drop-cap-view-default) .elementor-drop-cap-letter{width:1em;height:1em}.elementor-widget-text-editor .elementor-drop-cap{float:left;text-align:center;line-height:1;font-size:50px}.elementor-widget-text-editor .elementor-drop-cap-letter{display:inline-block}<\/style>\t\t\t\t<p>D\u00e9couvrez l&rsquo;excellence du polissage auto chez La Perf Detailing. Notre \u00e9quipe de detailers passionn\u00e9s redonne \u00e0 votre v\u00e9hicule son \u00e9clat d&rsquo;origine. Avec des techniques de polissage de pointe et des produits de qualit\u00e9, nous \u00e9liminons les imperfections, laissant votre voiture \u00e9tincelante. Offrez-lui le traitement qu&rsquo;elle m\u00e9rite chez La Perf Detailing, o\u00f9 la perfection rencontre la passion.<\/p>\t\t\t\t\t\t<\/div>\n\t\t\t\t<\/div>\n\t\t\t\t<\/div>\n\t\t\t\t\t<\/div>\n\t\t\t\t<\/div>\n\t\t<div class=\"elementor-element elementor-element-e64e9f5 e-flex e-con-boxed e-con e-parent\" data-id=\"e64e9f5\" data-element_type=\"container\" data-settings=\"{&quot;background_background&quot;:&quot;classic&quot;,&quot;content_width&quot;:&quot;boxed&quot;}\" data-core-v316-plus=\"true\">\n\t\t\t\t\t<div class=\"e-con-inner\">\n\t\t<div class=\"elementor-element elementor-element-33d311a e-con-full e-flex e-con e-child\" data-id=\"33d311a\" data-element_type=\"container\" data-settings=\"{&quot;content_width&quot;:&quot;full&quot;}\">\n\t\t\t\t<div class=\"elementor-element elementor-element-160893f elementor-widget elementor-widget-heading\" data-id=\"160893f\" data-element_type=\"widget\" data-widget_type=\"heading.default\">\n\t\t\t\t<div class=\"elementor-widget-container\">\n\t\t\t<h2 class=\"elementor-heading-title elementor-size-default\">Car Staging<\/h2>\t\t<\/div>\n\t\t\t\t<\/div>\n\t\t\t\t<div class=\"elementor-element elementor-element-c58972d elementor-widget elementor-widget-text-editor\" data-id=\"c58972d\" data-element_type=\"widget\" data-widget_type=\"text-editor.default\">\n\t\t\t\t<div class=\"elementor-widget-container\">\n\t\t\t\t\t\t\t<p>D\u00e9couvrez le\u00a0<span style=\"color: #0000ff;\"><a style=\"color: #0000ff;\" href=\"https:\/\/www.ouestfrance-auto.com\/dossiers-thematiques\/car-staging-ou-l-art-de-valoriser-sa-voiture-5056.htm\" target=\"_blank\" rel=\"noopener\">Car<\/a><\/span>\u00a0Staging d&rsquo;exception chez La Perf Detailing, une exp\u00e9rience de nettoyage automobile incomparable pour sublimer votre v\u00e9hicule avant la vente. Notre service sp\u00e9cialis\u00e9 combine un lavage approfondi, un polissage expert et une attention minutieuse aux d\u00e9tails pour mettre en valeur chaque aspect de votre voiture. Choisissez La Perf Detailing pour un Car Staging qui fait la diff\u00e9rence, vous garantissant une vente rapide et r\u00e9ussie.<\/p>\t\t\t\t\t\t<\/div>\n\t\t\t\t<\/div>\n\t\t\t\t<\/div>\n\t\t<div class=\"elementor-element elementor-element-fd596a5 e-con-full e-flex e-con e-child\" data-id=\"fd596a5\" data-element_type=\"container\" data-settings=\"{&quot;content_width&quot;:&quot;full&quot;}\">\n\t\t\t\t<div class=\"elementor-element elementor-element-b75e348 elementor-widget elementor-widget-image\" data-id=\"b75e348\" data-element_type=\"widget\" data-widget_type=\"image.default\">\n\t\t\t\t<div class=\"elementor-widget-container\">\n\t\t\t\t\t\t\t\t\t\t\t\t\t\t\t<img decoding=\"async\" width=\"800\" height=\"600\" src=\"https:\/\/laperf-detailing.fr\/wp-content\/uploads\/2024\/01\/E8E7C3496F844B7ABAF12DE843F033FAjpeg_629138b7396ea-1024x768.jpeg\" class=\"attachment-large size-large wp-image-129\" alt=\"\" srcset=\"https:\/\/laperf-detailing.fr\/wp-content\/uploads\/2024\/01\/E8E7C3496F844B7ABAF12DE843F033FAjpeg_629138b7396ea-1024x768.jpeg 1024w, https:\/\/laperf-detailing.fr\/wp-content\/uploads\/2024\/01\/E8E7C3496F844B7ABAF12DE843F033FAjpeg_629138b7396ea-300x225.jpeg 300w, https:\/\/laperf-detailing.fr\/wp-content\/uploads\/2024\/01\/E8E7C3496F844B7ABAF12DE843F033FAjpeg_629138b7396ea-768x576.jpeg 768w, https:\/\/laperf-detailing.fr\/wp-content\/uploads\/2024\/01\/E8E7C3496F844B7ABAF12DE843F033FAjpeg_629138b7396ea-1536x1152.jpeg 1536w, https:\/\/laperf-detailing.fr\/wp-content\/uploads\/2024\/01\/E8E7C3496F844B7ABAF12DE843F033FAjpeg_629138b7396ea.jpeg 1600w\" sizes=\"(max-width: 800px) 100vw, 800px\" \/>\t\t\t\t\t\t\t\t\t\t\t\t\t\t\t<\/div>\n\t\t\t\t<\/div>\n\t\t\t\t<\/div>\n\t\t\t\t\t<\/div>\n\t\t\t\t<\/div>\n\t\t<div class=\"elementor-element elementor-element-f6c1907 e-flex e-con-boxed e-con e-parent\" data-id=\"f6c1907\" data-element_type=\"container\" data-settings=\"{&quot;background_background&quot;:&quot;classic&quot;,&quot;content_width&quot;:&quot;boxed&quot;}\" data-core-v316-plus=\"true\">\n\t\t\t\t\t<div class=\"e-con-inner\">\n\t\t<div class=\"elementor-element elementor-element-b7dc3b7 e-con-full e-flex e-con e-child\" data-id=\"b7dc3b7\" data-element_type=\"container\" data-settings=\"{&quot;content_width&quot;:&quot;full&quot;}\">\n\t\t\t\t<div class=\"elementor-element elementor-element-3a871f2 elementor-widget elementor-widget-image\" data-id=\"3a871f2\" data-element_type=\"widget\" data-widget_type=\"image.default\">\n\t\t\t\t<div class=\"elementor-widget-container\">\n\t\t\t\t\t\t\t\t\t\t\t\t\t\t\t<img loading=\"lazy\" decoding=\"async\" width=\"800\" height=\"534\" src=\"https:\/\/laperf-detailing.fr\/wp-content\/uploads\/2024\/01\/traitement-ceramique-voiture-1024x683.jpg\" class=\"attachment-large size-large wp-image-130\" alt=\"\" srcset=\"https:\/\/laperf-detailing.fr\/wp-content\/uploads\/2024\/01\/traitement-ceramique-voiture-1024x683.jpg 1024w, https:\/\/laperf-detailing.fr\/wp-content\/uploads\/2024\/01\/traitement-ceramique-voiture-300x200.jpg 300w, https:\/\/laperf-detailing.fr\/wp-content\/uploads\/2024\/01\/traitement-ceramique-voiture-768x512.jpg 768w, https:\/\/laperf-detailing.fr\/wp-content\/uploads\/2024\/01\/traitement-ceramique-voiture.jpg 1280w\" sizes=\"(max-width: 800px) 100vw, 800px\" \/>\t\t\t\t\t\t\t\t\t\t\t\t\t\t\t<\/div>\n\t\t\t\t<\/div>\n\t\t\t\t<\/div>\n\t\t<div class=\"elementor-element elementor-element-6fc2ee5 e-con-full e-flex e-con e-child\" data-id=\"6fc2ee5\" data-element_type=\"container\" data-settings=\"{&quot;content_width&quot;:&quot;full&quot;}\">\n\t\t\t\t<div class=\"elementor-element elementor-element-234a5f6 elementor-widget elementor-widget-heading\" data-id=\"234a5f6\" data-element_type=\"widget\" data-widget_type=\"heading.default\">\n\t\t\t\t<div class=\"elementor-widget-container\">\n\t\t\t<h2 class=\"elementor-heading-title elementor-size-default\">Pose C\u00e9ramique<\/h2>\t\t<\/div>\n\t\t\t\t<\/div>\n\t\t\t\t<div class=\"elementor-element elementor-element-1424e7c elementor-widget elementor-widget-text-editor\" data-id=\"1424e7c\" data-element_type=\"widget\" data-widget_type=\"text-editor.default\">\n\t\t\t\t<div class=\"elementor-widget-container\">\n\t\t\t\t\t\t\t<p>La Perf Detailing &#8211; Excellence en Pose C\u00e9ramique Automobile<\/p><p>Offrez \u00e0 votre voiture une protection durable et un \u00e9clat exceptionnel avec la <span style=\"color: #3366ff;\"><a style=\"color: #3366ff;\" title=\"Avantages Pose C\u00e9ramique\" href=\"https:\/\/formationdetailing.com\/actualite\/traitement-ceramique-la-protection-ultime-pour-la-carrosserie-de-votre-voiture\/\" target=\"_blank\" rel=\"noopener\">Pose C\u00e9ramique<\/a> <\/span>de La Perf Detailing. Notre service de pointe combine expertise technique et produits de qualit\u00e9 sup\u00e9rieure pour assurer une protection \u00e0 long terme de la carrosserie. Profitez d&rsquo;une brillance incomparable et d&rsquo;une r\u00e9sistance aux \u00e9l\u00e9ments gr\u00e2ce \u00e0 notre traitement c\u00e9ramique. Optez pour notre expertise en Pose C\u00e9ramique et d\u00e9marquez-vous avec une voiture qui rayonne.<\/p>\t\t\t\t\t\t<\/div>\n\t\t\t\t<\/div>\n\t\t\t\t<\/div>\n\t\t\t\t\t<\/div>\n\t\t\t\t<\/div>\n\t\t<div class=\"elementor-element elementor-element-e6c6ada e-flex e-con-boxed e-con e-parent\" data-id=\"e6c6ada\" data-element_type=\"container\" data-settings=\"{&quot;background_background&quot;:&quot;classic&quot;,&quot;content_width&quot;:&quot;boxed&quot;}\" data-core-v316-plus=\"true\">\n\t\t\t\t\t<div class=\"e-con-inner\">\n\t\t\t\t<div class=\"elementor-element elementor-element-bc2426b elementor-align-center elementor-widget elementor-widget-button\" data-id=\"bc2426b\" data-element_type=\"widget\" data-widget_type=\"button.default\">\n\t\t\t\t<div class=\"elementor-widget-container\">\n\t\t\t\t\t<div class=\"elementor-button-wrapper\">\n\t\t\t<a class=\"elementor-button elementor-button-link elementor-size-xl elementor-animation-float\" href=\"https:\/\/laperf-detailing.fr\/?page_id=68\">\n\t\t\t\t\t\t<span class=\"elementor-button-content-wrapper\">\n\t\t\t\t\t\t<span class=\"elementor-button-text\">Voir toutes les prestations<\/span>\n\t\t<\/span>\n\t\t\t\t\t<\/a>\n\t\t<\/div>\n\t\t\t\t<\/div>\n\t\t\t\t<\/div>\n\t\t\t\t\t<\/div>\n\t\t\t\t<\/div>\n\t\t<div class=\"elementor-element elementor-element-d6e7b93 e-flex e-con-boxed e-con e-parent\" data-id=\"d6e7b93\" data-element_type=\"container\" data-settings=\"{&quot;background_background&quot;:&quot;classic&quot;,&quot;content_width&quot;:&quot;boxed&quot;}\" data-core-v316-plus=\"true\">\n\t\t\t\t\t<div class=\"e-con-inner\">\n\t\t\t\t<div class=\"elementor-element elementor-element-c7a1d5e elementor-skin-carousel elementor-arrows-yes elementor-pagination-type-bullets elementor-pagination-position-outside elementor-widget elementor-widget-media-carousel\" data-id=\"c7a1d5e\" data-element_type=\"widget\" data-settings=\"{&quot;skin&quot;:&quot;carousel&quot;,&quot;effect&quot;:&quot;slide&quot;,&quot;show_arrows&quot;:&quot;yes&quot;,&quot;pagination&quot;:&quot;bullets&quot;,&quot;speed&quot;:500,&quot;autoplay&quot;:&quot;yes&quot;,&quot;autoplay_speed&quot;:5000,&quot;loop&quot;:&quot;yes&quot;,&quot;pause_on_hover&quot;:&quot;yes&quot;,&quot;pause_on_interaction&quot;:&quot;yes&quot;,&quot;space_between&quot;:{&quot;unit&quot;:&quot;px&quot;,&quot;size&quot;:10,&quot;sizes&quot;:[]},&quot;space_between_tablet&quot;:{&quot;unit&quot;:&quot;px&quot;,&quot;size&quot;:10,&quot;sizes&quot;:[]},&quot;space_between_mobile&quot;:{&quot;unit&quot;:&quot;px&quot;,&quot;size&quot;:10,&quot;sizes&quot;:[]}}\" data-widget_type=\"media-carousel.default\">\n\t\t\t\t<div class=\"elementor-widget-container\">\n\t\t\t<link rel=\"stylesheet\" href=\"https:\/\/laperf-detailing.fr\/wp-content\/plugins\/pro-elements\/assets\/css\/widget-carousel.min.css\">\t\t<div class=\"elementor-swiper\">\n\t\t\t<div class=\"elementor-main-swiper swiper\">\n\t\t\t\t<div class=\"swiper-wrapper\">\n\t\t\t\t\t\t\t\t\t\t\t<div class=\"swiper-slide\">\n\t\t\t\t\t\t\t\t\t<div class=\"elementor-carousel-image\" style=\"background-image: url(&#039;https:\/\/laperf-detailing.fr\/wp-content\/plugins\/elementor\/assets\/images\/placeholder.png&#039;)\">\n\n\t\t\t\n\t\t\t\t\t<\/div>\n\t\t\t\t\t\t\t\t<\/div>\n\t\t\t\t\t\t\t\t\t\t\t<div class=\"swiper-slide\">\n\t\t\t\t\t\t\t\t\t<div class=\"elementor-carousel-image\" style=\"background-image: url(&#039;https:\/\/laperf-detailing.fr\/wp-content\/plugins\/elementor\/assets\/images\/placeholder.png&#039;)\">\n\n\t\t\t\n\t\t\t\t\t<\/div>\n\t\t\t\t\t\t\t\t<\/div>\n\t\t\t\t\t\t\t\t\t\t\t<div class=\"swiper-slide\">\n\t\t\t\t\t\t\t\t\t<div class=\"elementor-carousel-image\" style=\"background-image: url(&#039;https:\/\/laperf-detailing.fr\/wp-content\/plugins\/elementor\/assets\/images\/placeholder.png&#039;)\">\n\n\t\t\t\n\t\t\t\t\t<\/div>\n\t\t\t\t\t\t\t\t<\/div>\n\t\t\t\t\t\t\t\t\t\t\t<div class=\"swiper-slide\">\n\t\t\t\t\t\t\t\t\t<div class=\"elementor-carousel-image\" style=\"background-image: url(&#039;https:\/\/laperf-detailing.fr\/wp-content\/plugins\/elementor\/assets\/images\/placeholder.png&#039;)\">\n\n\t\t\t\n\t\t\t\t\t<\/div>\n\t\t\t\t\t\t\t\t<\/div>\n\t\t\t\t\t\t\t\t\t\t\t<div class=\"swiper-slide\">\n\t\t\t\t\t\t\t\t\t<div class=\"elementor-carousel-image\" style=\"background-image: url(&#039;https:\/\/laperf-detailing.fr\/wp-content\/plugins\/elementor\/assets\/images\/placeholder.png&#039;)\">\n\n\t\t\t\n\t\t\t\t\t<\/div>\n\t\t\t\t\t\t\t\t<\/div>\n\t\t\t\t\t\t\t\t\t<\/div>\n\t\t\t\t\t\t\t\t\t\t\t\t\t\t\t<div class=\"swiper-pagination\"><\/div>\n\t\t\t\t\t\t\t\t\t\t\t\t\t\t\t\t<div class=\"elementor-swiper-button elementor-swiper-button-prev\">\n\t\t\t\t\t\t\t<svg aria-hidden=\"true\" class=\"e-font-icon-svg e-eicon-chevron-left\" viewBox=\"0 0 1000 1000\" xmlns=\"http:\/\/www.w3.org\/2000\/svg\"><path d=\"M646 125C629 125 613 133 604 142L308 442C296 454 292 471 292 487 292 504 296 521 308 533L604 854C617 867 629 875 646 875 663 875 679 871 692 858 704 846 713 829 713 812 713 796 708 779 692 767L438 487 692 225C700 217 708 204 708 187 708 171 704 154 692 142 675 129 663 125 646 125Z\"><\/path><\/svg>\t\t\t\t\t\t\t<span class=\"elementor-screen-only\">Previous<\/span>\n\t\t\t\t\t\t<\/div>\n\t\t\t\t\t\t<div class=\"elementor-swiper-button elementor-swiper-button-next\">\n\t\t\t\t\t\t\t<svg aria-hidden=\"true\" class=\"e-font-icon-svg e-eicon-chevron-right\" viewBox=\"0 0 1000 1000\" xmlns=\"http:\/\/www.w3.org\/2000\/svg\"><path d=\"M696 533C708 521 713 504 713 487 713 471 708 454 696 446L400 146C388 133 375 125 354 125 338 125 325 129 313 142 300 154 292 171 292 187 292 204 296 221 308 233L563 492 304 771C292 783 288 800 288 817 288 833 296 850 308 863 321 871 338 875 354 875 371 875 388 867 400 854L696 533Z\"><\/path><\/svg>\t\t\t\t\t\t\t<span class=\"elementor-screen-only\">Next<\/span>\n\t\t\t\t\t\t<\/div>\n\t\t\t\t\t\t\t\t\t\t\t\t<\/div>\n\t\t<\/div>\n\t\t\t\t<\/div>\n\t\t\t\t<\/div>\n\t\t\t\t<div class=\"elementor-element elementor-element-785f846 elementor-widget elementor-widget-heading\" data-id=\"785f846\" data-element_type=\"widget\" data-widget_type=\"heading.default\">\n\t\t\t\t<div class=\"elementor-widget-container\">\n\t\t\t<h2 class=\"elementor-heading-title elementor-size-default\">Ils nous ont fait confiances, d\u00e9couvrez le r\u00e9sultat !<\/h2>\t\t<\/div>\n\t\t\t\t<\/div>\n\t\t\t\t<div class=\"elementor-element elementor-element-b3ead6d elementor-button-info elementor-align-center elementor-widget elementor-widget-button\" data-id=\"b3ead6d\" data-element_type=\"widget\" data-widget_type=\"button.default\">\n\t\t\t\t<div class=\"elementor-widget-container\">\n\t\t\t\t\t<div class=\"elementor-button-wrapper\">\n\t\t\t<a class=\"elementor-button elementor-button-link elementor-size-xl\" href=\"https:\/\/laperf-detailing.fr\/?page_id=216\">\n\t\t\t\t\t\t<span class=\"elementor-button-content-wrapper\">\n\t\t\t\t\t\t<span class=\"elementor-button-text\">Nos r\u00e9alisations<\/span>\n\t\t<\/span>\n\t\t\t\t\t<\/a>\n\t\t<\/div>\n\t\t\t\t<\/div>\n\t\t\t\t<\/div>\n\t\t\t\t\t<\/div>\n\t\t\t\t<\/div>\n\t\t\t\t\t\t\t<\/div>\n\t\t","protected":false},"excerpt":{"rendered":"<p>La Perf Detailing &#8211; Excellence en detailing auto. D\u00e9couvrez nos services de nettoyage haut de gamme pour sublimer votre voiture. Sp\u00e9cialistes du detailing, nous redonnons \u00e9clat et protection \u00e0 votre v\u00e9hicule. Contactez-nous pour une exp\u00e9rience de detailing exceptionnelle!<\/p>\n","protected":false},"author":1,"featured_media":0,"parent":0,"menu_order":0,"comment_status":"closed","ping_status":"closed","template":"","meta":{"om_disable_all_campaigns":false,"_monsterinsights_skip_tracking":false,"_monsterinsights_sitenote_active":false,"_monsterinsights_sitenote_note":"","_monsterinsights_sitenote_category":0,"footnotes":""},"aioseo_notices":[],"_links":{"self":[{"href":"https:\/\/laperf-detailing.fr\/index.php?rest_route=\/wp\/v2\/pages\/15"}],"collection":[{"href":"https:\/\/laperf-detailing.fr\/index.php?rest_route=\/wp\/v2\/pages"}],"about":[{"href":"https:\/\/laperf-detailing.fr\/index.php?rest_route=\/wp\/v2\/types\/page"}],"author":[{"embeddable":true,"href":"https:\/\/laperf-detailing.fr\/index.php?rest_route=\/wp\/v2\/users\/1"}],"replies":[{"embeddable":true,"href":"https:\/\/laperf-detailing.fr\/index.php?rest_route=%2Fwp%2Fv2%2Fcomments&post=15"}],"version-history":[{"count":68,"href":"https:\/\/laperf-detailing.fr\/index.php?rest_route=\/wp\/v2\/pages\/15\/revisions"}],"predecessor-version":[{"id":255,"href":"https:\/\/laperf-detailing.fr\/index.php?rest_route=\/wp\/v2\/pages\/15\/revisions\/255"}],"wp:attachment":[{"href":"https:\/\/laperf-detailing.fr\/index.php?rest_route=%2Fwp%2Fv2%2Fmedia&parent=15"}],"curies":[{"name":"wp","href":"https:\/\/api.w.org\/{rel}","templated":true}]}}